[INFO] fetching crate macaroon 0.1.1...
[INFO] checking macaroon-0.1.1 against try#72f88fc4e9458f89516a0b8b0868f3718aec5b47 for pr-74989
[INFO] extracting crate macaroon 0.1.1 into /workspace/builds/worker-6/source
[INFO] validating manifest of crates.io crate macaroon 0.1.1 on toolchain 72f88fc4e9458f89516a0b8b0868f3718aec5b47
[INFO] running `Command { std: "/workspace/cargo-home/bin/cargo" "+72f88fc4e9458f89516a0b8b0868f3718aec5b47" "read-manifest" "--manifest-path" "Cargo.toml", kill_on_drop: false }`
[INFO] started tweaking crates.io crate macaroon 0.1.1
[INFO] finished tweaking crates.io crate macaroon 0.1.1
[INFO] tweaked toml for crates.io crate macaroon 0.1.1 written to /workspace/builds/worker-6/source/Cargo.toml
[INFO] running `Command { std: "/workspace/cargo-home/bin/cargo" "+72f88fc4e9458f89516a0b8b0868f3718aec5b47" "generate-lockfile" "--manifest-path" "Cargo.toml" "-Zno-index-update", kill_on_drop: false }`
[INFO] running `Command { std: "/workspace/cargo-home/bin/cargo" "+72f88fc4e9458f89516a0b8b0868f3718aec5b47" "fetch" "--locked" "--manifest-path" "Cargo.toml", kill_on_drop: false }`
[INFO] [stderr]  Downloading crates ...
[INFO] [stderr]   Downloaded libsodium-sys v0.0.13
[INFO] [stderr]   Downloaded sodiumoxide v0.0.13
[INFO] running `Command { std: "docker" "create" "-v" "/var/lib/crater-agent-workspace/builds/worker-6/target:/opt/rustwide/target:rw,Z" "-v" "/var/lib/crater-agent-workspace/builds/worker-6/source:/opt/rustwide/workdir:ro,Z" "-v" "/var/lib/crater-agent-workspace/cargo-home:/opt/rustwide/cargo-home:ro,Z" "-v" "/var/lib/crater-agent-workspace/rustup-home:/opt/rustwide/rustup-home:ro,Z" "-e" "SOURCE_DIR=/opt/rustwide/workdir" "-e" "CARGO_TARGET_DIR=/opt/rustwide/target" "-e" "CARGO_HOME=/opt/rustwide/cargo-home" "-e" "RUSTUP_HOME=/opt/rustwide/rustup-home" "-w" "/opt/rustwide/workdir" "-m" "1610612736" "--user" "0:0" "--network" "none" "rustops/crates-build-env@sha256:d92eaeed33fa75130ca1ee6c8a01d1ffb62bac859dfdfb3450e3e5d1c0146529" "/opt/rustwide/cargo-home/bin/cargo" "+72f88fc4e9458f89516a0b8b0868f3718aec5b47" "metadata" "--no-deps" "--format-version=1", kill_on_drop: false }`
[INFO] [stdout] c6e48fecacdd04ca41be9468c43352cd1aed88156a981a87446926035b5754ae
[INFO] [stderr] WARNING: Your kernel does not support swap limit capabilities or the cgroup is not mounted. Memory limited without swap.
[INFO] running `Command { std: "docker" "start" "-a" "c6e48fecacdd04ca41be9468c43352cd1aed88156a981a87446926035b5754ae", kill_on_drop: false }`
[INFO] running `Command { std: "docker" "inspect" "c6e48fecacdd04ca41be9468c43352cd1aed88156a981a87446926035b5754ae", kill_on_drop: false }`
[INFO] running `Command { std: "docker" "rm" "-f" "c6e48fecacdd04ca41be9468c43352cd1aed88156a981a87446926035b5754ae", kill_on_drop: false }`
[INFO] [stdout] c6e48fecacdd04ca41be9468c43352cd1aed88156a981a87446926035b5754ae
[INFO] running `Command { std: "docker" "create" "-v" "/var/lib/crater-agent-workspace/builds/worker-6/target:/opt/rustwide/target:rw,Z" "-v" "/var/lib/crater-agent-workspace/builds/worker-6/source:/opt/rustwide/workdir:ro,Z" "-v" "/var/lib/crater-agent-workspace/cargo-home:/opt/rustwide/cargo-home:ro,Z" "-v" "/var/lib/crater-agent-workspace/rustup-home:/opt/rustwide/rustup-home:ro,Z" "-e" "SOURCE_DIR=/opt/rustwide/workdir" "-e" "CARGO_TARGET_DIR=/opt/rustwide/target" "-e" "CARGO_INCREMENTAL=0" "-e" "RUST_BACKTRACE=full" "-e" "RUSTFLAGS=--cap-lints=forbid" "-e" "CARGO_HOME=/opt/rustwide/cargo-home" "-e" "RUSTUP_HOME=/opt/rustwide/rustup-home" "-w" "/opt/rustwide/workdir" "-m" "1610612736" "--user" "0:0" "--network" "none" "rustops/crates-build-env@sha256:d92eaeed33fa75130ca1ee6c8a01d1ffb62bac859dfdfb3450e3e5d1c0146529" "/opt/rustwide/cargo-home/bin/cargo" "+72f88fc4e9458f89516a0b8b0868f3718aec5b47" "check" "--frozen" "--all" "--all-targets" "--message-format=json", kill_on_drop: false }`
[INFO] [stderr] WARNING: Your kernel does not support swap limit capabilities or the cgroup is not mounted. Memory limited without swap.
[INFO] [stdout] 4d391e50de091d64d31db7f9196ee91294b46a887ab5074e9d21fa315e2cc2ec
[INFO] running `Command { std: "docker" "start" "-a" "4d391e50de091d64d31db7f9196ee91294b46a887ab5074e9d21fa315e2cc2ec", kill_on_drop: false }`
[INFO] [stderr]     Checking cfg-if v0.1.10
[INFO] [stderr]    Compiling libsodium-sys v0.0.13
[INFO] [stderr]     Checking memchr v0.1.11
[INFO] [stderr]     Checking thread-id v2.0.0
[INFO] [stderr]     Checking log v0.4.11
[INFO] [stderr]     Checking thread_local v0.2.7
[INFO] [stderr]     Checking aho-corasick v0.5.3
[INFO] [stderr]     Checking log v0.3.9
[INFO] [stderr]     Checking regex v0.1.80
[INFO] [stderr]     Checking sodiumoxide v0.0.13
[INFO] [stderr]     Checking macaroon v0.1.1 (/opt/rustwide/workdir)
[INFO] [stdout] error[E0437]: type `Err` is not a member of trait `TryFrom`
[INFO] [stdout]   --> src/serialization/v2j.rs:33:5
[INFO] [stdout]    |
[INFO] [stdout] 33 |     type Err = MacaroonError;
[INFO] [stdout]    |     ^^^^^^^^^^^^^^^^^^^^^^^^^ not a member of trait `TryFrom`
[INFO] [stdout] 
[INFO] [stdout] 
[INFO] [stdout] error[E0437]: type `Err` is not a member of trait `TryFrom`
[INFO] [stdout]   --> src/serialization/v2j.rs:79:5
[INFO] [stdout]    |
[INFO] [stdout] 79 |     type Err = MacaroonError;
[INFO] [stdout]    |     ^^^^^^^^^^^^^^^^^^^^^^^^^ not a member of trait `TryFrom`
[INFO] [stdout] 
[INFO] [stdout] 
[INFO] [stdout] warning: use of deprecated macro `try`: use the `?` operator instead
[INFO] [stdout]   --> src/serialization/v1.rs:90:17
[INFO] [stdout]    |
[INFO] [stdout] 90 |     let index = try!(split_index(packet_data));
[INFO] [stdout]    |                 ^^^
[INFO] [stdout]    |
[INFO] [stdout]    = note: `#[warn(deprecated)]` on by default
[INFO] [stdout] 
[INFO] [stdout] 
[INFO] [stdout] warning: use of deprecated macro `try`: use the `?` operator instead
[INFO] [stdout]    --> src/serialization/v1.rs:108:16
[INFO] [stdout]     |
[INFO] [stdout] 108 |     let data = try!(base64_decode(&String::from_utf8(base64.clone())?));
[INFO] [stdout]     |                ^^^
[INFO] [stdout] 
[INFO] [stdout] 
[INFO] [stdout] warning: use of deprecated macro `try`: use the `?` operator instead
[INFO] [stdout]    --> src/serialization/v1.rs:111:19
[INFO] [stdout]     |
[INFO] [stdout] 111 |     for packet in try!(deserialize_as_packets(data.as_slice(), Vec::new())) {
[INFO] [stdout]     |                   ^^^
[INFO] [stdout] 
[INFO] [stdout] 
[INFO] [stdout] warning: use of deprecated macro `try`: use the `?` operator instead
[INFO] [stdout]   --> src/serialization/v2.rs:96:19
[INFO] [stdout]    |
[INFO] [stdout] 96 |         let eos = try!(self.get_byte());
[INFO] [stdout]    |                   ^^^
[INFO] [stdout] 
[INFO] [stdout] 
[INFO] [stdout] warning: use of deprecated macro `try`: use the `?` operator instead
[INFO] [stdout]    --> src/serialization/v2.rs:104:27
[INFO] [stdout]     |
[INFO] [stdout] 104 |         let size: usize = try!(self.get_field_size());
[INFO] [stdout]     |                           ^^^
[INFO] [stdout] 
[INFO] [stdout] 
[INFO] [stdout] warning: use of deprecated macro `try`: use the `?` operator instead
[INFO] [stdout]    --> src/serialization/v2.rs:120:20
[INFO] [stdout]     |
[INFO] [stdout] 120 |             byte = try!(self.get_byte());
[INFO] [stdout]     |                    ^^^
[INFO] [stdout] 
[INFO] [stdout] 
[INFO] [stdout] warning: use of deprecated macro `try`: use the `?` operator instead
[INFO] [stdout]    --> src/serialization/v2.rs:136:8
[INFO] [stdout]     |
[INFO] [stdout] 136 |     if try!(deserializer.get_byte()) != 2 {
[INFO] [stdout]     |        ^^^
[INFO] [stdout] 
[INFO] [stdout] 
[INFO] [stdout] warning: use of deprecated macro `try`: use the `?` operator instead
[INFO] [stdout]    --> src/serialization/v2.rs:139:23
[INFO] [stdout]     |
[INFO] [stdout] 139 |     let mut tag: u8 = try!(deserializer.get_tag());
[INFO] [stdout]     |                       ^^^
[INFO] [stdout] 
[INFO] [stdout] 
[INFO] [stdout] warning: use of deprecated macro `try`: use the `?` operator instead
[INFO] [stdout]    --> src/serialization/v2.rs:141:64
[INFO] [stdout]     |
[INFO] [stdout] 141 |         LOCATION_V2 => builder.set_location(&String::from_utf8(try!(deserializer.get_field()))?),
[INFO] [stdout]     |                                                                ^^^
[INFO] [stdout] 
[INFO] [stdout] 
[INFO] [stdout] warning: use of deprecated macro `try`: use the `?` operator instead
[INFO] [stdout]    --> src/serialization/v2.rs:143:55
[INFO] [stdout]     |
[INFO] [stdout] 143 |             builder.set_identifier(&String::from_utf8(try!(deserializer.get_field()))?)
[INFO] [stdout]     |                                                       ^^^
[INFO] [stdout] 
[INFO] [stdout] 
[INFO] [stdout] warning: use of deprecated macro `try`: use the `?` operator instead
[INFO] [stdout]    --> src/serialization/v2.rs:148:15
[INFO] [stdout]     |
[INFO] [stdout] 148 |         tag = try!(deserializer.get_tag());
[INFO] [stdout]     |               ^^^
[INFO] [stdout] 
[INFO] [stdout] 
[INFO] [stdout] warning: use of deprecated macro `try`: use the `?` operator instead
[INFO] [stdout]    --> src/serialization/v2.rs:151:59
[INFO] [stdout]     |
[INFO] [stdout] 151 |                 builder.set_identifier(&String::from_utf8(try!(deserializer.get_field()))?);
[INFO] [stdout]     |                                                           ^^^
[INFO] [stdout] 
[INFO] [stdout] 
[INFO] [stdout] warning: use of deprecated macro `try`: use the `?` operator instead
[INFO] [stdout]    --> src/serialization/v2.rs:159:5
[INFO] [stdout]     |
[INFO] [stdout] 159 |     try!(deserializer.get_eos());
[INFO] [stdout]     |     ^^^
[INFO] [stdout] 
[INFO] [stdout] 
[INFO] [stdout] warning: use of deprecated macro `try`: use the `?` operator instead
[INFO] [stdout]    --> src/serialization/v2.rs:160:11
[INFO] [stdout]     |
[INFO] [stdout] 160 |     tag = try!(deserializer.get_tag());
[INFO] [stdout]     |           ^^^
[INFO] [stdout] 
[INFO] [stdout] 
[INFO] [stdout] warning: use of deprecated macro `try`: use the `?` operator instead
[INFO] [stdout]    --> src/serialization/v2.rs:165:38
[INFO] [stdout]     |
[INFO] [stdout] 165 |                 let field: Vec<u8> = try!(deserializer.get_field());
[INFO] [stdout]     |                                      ^^^
[INFO] [stdout] 
[INFO] [stdout] 
[INFO] [stdout] warning: use of deprecated macro `try`: use the `?` operator instead
[INFO] [stdout]    --> src/serialization/v2.rs:169:57
[INFO] [stdout]     |
[INFO] [stdout] 169 |                 caveat_builder.add_id(String::from_utf8(try!(deserializer.get_field()))?)
[INFO] [stdout]     |                                                         ^^^
[INFO] [stdout] 
[INFO] [stdout] 
[INFO] [stdout] warning: use of deprecated macro `try`: use the `?` operator instead
[INFO] [stdout]    --> src/serialization/v2.rs:177:19
[INFO] [stdout]     |
[INFO] [stdout] 177 |             tag = try!(deserializer.get_tag());
[INFO] [stdout]     |                   ^^^
[INFO] [stdout] 
[INFO] [stdout] 
[INFO] [stdout] warning: use of deprecated macro `try`: use the `?` operator instead
[INFO] [stdout]    --> src/serialization/v2.rs:180:42
[INFO] [stdout]     |
[INFO] [stdout] 180 |                     let field: Vec<u8> = try!(deserializer.get_field());
[INFO] [stdout]     |                                          ^^^
[INFO] [stdout] 
[INFO] [stdout] 
[INFO] [stdout] warning: use of deprecated macro `try`: use the `?` operator instead
[INFO] [stdout]    --> src/serialization/v2.rs:189:15
[INFO] [stdout]     |
[INFO] [stdout] 189 |         tag = try!(deserializer.get_tag());
[INFO] [stdout]     |               ^^^
[INFO] [stdout] 
[INFO] [stdout] 
[INFO] [stdout] warning: use of deprecated macro `try`: use the `?` operator instead
[INFO] [stdout]    --> src/serialization/v2.rs:192:38
[INFO] [stdout]     |
[INFO] [stdout] 192 |                 let field: Vec<u8> = try!(deserializer.get_field());
[INFO] [stdout]     |                                      ^^^
[INFO] [stdout] 
[INFO] [stdout] 
[INFO] [stdout] warning: use of deprecated macro `try`: use the `?` operator instead
[INFO] [stdout]    --> src/serialization/v2.rs:195:17
[INFO] [stdout]     |
[INFO] [stdout] 195 |                 try!(deserializer.get_eos());
[INFO] [stdout]     |                 ^^^
[INFO] [stdout] 
[INFO] [stdout] 
[INFO] [stdout] warning: use of deprecated macro `try`: use the `?` operator instead
[INFO] [stdout]    --> src/serialization/v2.rs:196:23
[INFO] [stdout]     |
[INFO] [stdout] 196 |                 tag = try!(deserializer.get_tag());
[INFO] [stdout]     |                       ^^^
[INFO] [stdout] 
[INFO] [stdout] 
[INFO] [stdout] warning: use of deprecated macro `try`: use the `?` operator instead
[INFO] [stdout]    --> src/serialization/v2.rs:200:23
[INFO] [stdout]     |
[INFO] [stdout] 200 |                 tag = try!(deserializer.get_tag());
[INFO] [stdout]     |                       ^^^
[INFO] [stdout] 
[INFO] [stdout] 
[INFO] [stdout] warning: use of deprecated macro `try`: use the `?` operator instead
[INFO] [stdout]    --> src/serialization/v2.rs:208:11
[INFO] [stdout]     |
[INFO] [stdout] 208 |     tag = try!(deserializer.get_tag());
[INFO] [stdout]     |           ^^^
[INFO] [stdout] 
[INFO] [stdout] 
[INFO] [stdout] warning: use of deprecated macro `try`: use the `?` operator instead
[INFO] [stdout]    --> src/serialization/v2.rs:210:28
[INFO] [stdout]     |
[INFO] [stdout] 210 |         let sig: Vec<u8> = try!(deserializer.get_field());
[INFO] [stdout]     |                            ^^^
[INFO] [stdout] 
[INFO] [stdout] 
[INFO] [stdout] warning: trait objects without an explicit `dyn` are deprecated
[INFO] [stdout]   --> src/caveat.rs:22:32
[INFO] [stdout]    |
[INFO] [stdout] 22 |     fn clone_box(&self) -> Box<Caveat>;
[INFO] [stdout]    |                                ^^^^^^ help: use `dyn`: `dyn Caveat`
[INFO] [stdout]    |
[INFO] [stdout]    = note: `#[warn(bare_trait_objects)]` on by default
[INFO] [stdout] 
[INFO] [stdout] 
[INFO] [stdout] warning: trait objects without an explicit `dyn` are deprecated
[INFO] [stdout]   --> src/caveat.rs:25:20
[INFO] [stdout]    |
[INFO] [stdout] 25 | impl Clone for Box<Caveat> {
[INFO] [stdout]    |                    ^^^^^^ help: use `dyn`: `dyn Caveat`
[INFO] [stdout] 
[INFO] [stdout] 
[INFO] [stdout] warning: trait objects without an explicit `dyn` are deprecated
[INFO] [stdout]   --> src/caveat.rs:26:28
[INFO] [stdout]    |
[INFO] [stdout] 26 |     fn clone(&self) -> Box<Caveat> {
[INFO] [stdout]    |                            ^^^^^^ help: use `dyn`: `dyn Caveat`
[INFO] [stdout] 
[INFO] [stdout] 
[INFO] [stdout] warning: trait objects without an explicit `dyn` are deprecated
[INFO] [stdout]   --> src/caveat.rs:31:20
[INFO] [stdout]    |
[INFO] [stdout] 31 | impl PartialEq for Caveat {
[INFO] [stdout]    |                    ^^^^^^ help: use `dyn`: `dyn Caveat`
[INFO] [stdout] 
[INFO] [stdout] 
[INFO] [stdout] warning: trait objects without an explicit `dyn` are deprecated
[INFO] [stdout]   --> src/caveat.rs:32:26
[INFO] [stdout]    |
[INFO] [stdout] 32 |     fn eq(&self, other: &Caveat) -> bool {
[INFO] [stdout]    |                          ^^^^^^ help: use `dyn`: `dyn Caveat`
[INFO] [stdout] 
[INFO] [stdout] 
[INFO] [stdout] warning: trait objects without an explicit `dyn` are deprecated
[INFO] [stdout]   --> src/caveat.rs:93:32
[INFO] [stdout]    |
[INFO] [stdout] 93 |     fn clone_box(&self) -> Box<Caveat> {
[INFO] [stdout]    |                                ^^^^^^ help: use `dyn`: `dyn Caveat`
[INFO] [stdout] 
[INFO] [stdout] 
[INFO] [stdout] warning: trait objects without an explicit `dyn` are deprecated
[INFO] [stdout]    --> src/caveat.rs:151:32
[INFO] [stdout]     |
[INFO] [stdout] 151 |     fn clone_box(&self) -> Box<Caveat> {
[INFO] [stdout]     |                                ^^^^^^ help: use `dyn`: `dyn Caveat`
[INFO] [stdout] 
[INFO] [stdout] 
[INFO] [stdout] warning: trait objects without an explicit `dyn` are deprecated
[INFO] [stdout]    --> src/caveat.rs:200:38
[INFO] [stdout]     |
[INFO] [stdout] 200 |     pub fn build(self) -> Result<Box<Caveat>, MacaroonError> {
[INFO] [stdout]     |                                      ^^^^^^ help: use `dyn`: `dyn Caveat`
[INFO] [stdout] 
[INFO] [stdout] 
[INFO] [stdout] warning: trait objects without an explicit `dyn` are deprecated
[INFO] [stdout]   --> src/serialization/macaroon_builder.rs:10:22
[INFO] [stdout]    |
[INFO] [stdout] 10 |     caveats: Vec<Box<Caveat>>,
[INFO] [stdout]    |                      ^^^^^^ help: use `dyn`: `dyn Caveat`
[INFO] [stdout] 
[INFO] [stdout] 
[INFO] [stdout] warning: trait objects without an explicit `dyn` are deprecated
[INFO] [stdout]   --> src/serialization/macaroon_builder.rs:34:46
[INFO] [stdout]    |
[INFO] [stdout] 34 |     pub fn add_caveat(&mut self, caveat: Box<Caveat>) {
[INFO] [stdout]    |                                              ^^^^^^ help: use `dyn`: `dyn Caveat`
[INFO] [stdout] 
[INFO] [stdout] 
[INFO] [stderr]     Checking env_logger v0.3.5
[INFO] [stdout] warning: trait objects without an explicit `dyn` are deprecated
[INFO] [stdout]    --> src/lib.rs:137:22
[INFO] [stdout]     |
[INFO] [stdout] 137 |     caveats: Vec<Box<Caveat>>,
[INFO] [stdout]     |                      ^^^^^^ help: use `dyn`: `dyn Caveat`
[INFO] [stdout] 
[INFO] [stdout] 
[INFO] [stdout] warning: trait objects without an explicit `dyn` are deprecated
[INFO] [stdout]    --> src/lib.rs:176:35
[INFO] [stdout]     |
[INFO] [stdout] 176 |     fn caveats(&self) -> &Vec<Box<Caveat>> {
[INFO] [stdout]     |                                   ^^^^^^ help: use `dyn`: `dyn Caveat`
[INFO] [stdout] 
[INFO] [stdout] 
[INFO] [stdout] warning: `...` range patterns are deprecated
[INFO] [stdout]    --> src/lib.rs:332:16
[INFO] [stdout]     |
[INFO] [stdout] 332 |             'a'...'z' | 'A'...'Z' | '0'...'9' | '+' | '-' | '/' | '_' => {
[INFO] [stdout]     |                ^^^ help: use `..=` for an inclusive range
[INFO] [stdout]     |
[INFO] [stdout]     = note: `#[warn(ellipsis_inclusive_range_patterns)]` on by default
[INFO] [stdout] 
[INFO] [stdout] 
[INFO] [stdout] warning: `...` range patterns are deprecated
[INFO] [stdout]    --> src/lib.rs:332:28
[INFO] [stdout]     |
[INFO] [stdout] 332 |             'a'...'z' | 'A'...'Z' | '0'...'9' | '+' | '-' | '/' | '_' => {
[INFO] [stdout]     |                            ^^^ help: use `..=` for an inclusive range
[INFO] [stdout] 
[INFO] [stdout] 
[INFO] [stdout] warning: `...` range patterns are deprecated
[INFO] [stdout]    --> src/lib.rs:332:40
[INFO] [stdout]     |
[INFO] [stdout] 332 |             'a'...'z' | 'A'...'Z' | '0'...'9' | '+' | '-' | '/' | '_' => {
[INFO] [stdout]     |                                        ^^^ help: use `..=` for an inclusive range
[INFO] [stdout] 
[INFO] [stdout] 
[INFO] [stdout] error[E0220]: associated type `Err` not found for `Self`
[INFO] [stdout]   --> src/serialization/v2j.rs:34:59
[INFO] [stdout]    |
[INFO] [stdout] 34 |     fn try_from(macaroon: Macaroon) -> Result<Self, Self::Err> {
[INFO] [stdout]    |                                                           ^^^ associated type `Err` not found
[INFO] [stdout] 
[INFO] [stdout] 
[INFO] [stdout] error[E0220]: associated type `Err` not found for `Self`
[INFO] [stdout]   --> src/serialization/v2j.rs:80:62
[INFO] [stdout]    |
[INFO] [stdout] 80 |     fn try_from(ser: V2JSerialization) -> Result<Self, Self::Err> {
[INFO] [stdout]    |                                                              ^^^ associated type `Err` not found
[INFO] [stdout] 
[INFO] [stdout] 
[INFO] [stdout] error: aborting due to 4 previous errors; 40 warnings emitted
[INFO] [stdout] 
[INFO] [stdout] 
[INFO] [stdout] Some errors have detailed explanations: E0220, E0437.
[INFO] [stdout] 
[INFO] [stdout] For more information about an error, try `rustc --explain E0220`.
[INFO] [stdout] 
[INFO] [stderr] error: could not compile `macaroon`.
[INFO] [stderr] 
[INFO] [stderr] To learn more, run the command again with --verbose.
[INFO] [stderr] warning: build failed, waiting for other jobs to finish...
[INFO] [stderr] error: build failed
[INFO] running `Command { std: "docker" "inspect" "4d391e50de091d64d31db7f9196ee91294b46a887ab5074e9d21fa315e2cc2ec", kill_on_drop: false }`
[INFO] running `Command { std: "docker" "rm" "-f" "4d391e50de091d64d31db7f9196ee91294b46a887ab5074e9d21fa315e2cc2ec", kill_on_drop: false }`
[INFO] [stdout] 4d391e50de091d64d31db7f9196ee91294b46a887ab5074e9d21fa315e2cc2ec
